the units digit of a?
7
Suppose 0 = r + 2*r - 438. Let t = r + -98. What is the units digit of t?
8
Let k = -3 + 6. Suppose -78 = k*z - 219. What is the tens digit of z?
4
Suppose -6*w + 129 = -3*w. What is the tens digit of w?
4
Suppose o - 23 = -m - 4*o, -4*m + 4*o - 4 = 0. Suppose -3*b + 0*b + 3 = 0, m*b = -4*l + 103. What is the units digit of l?
5
Let c(g) = -g**3 - 11*g**2 + 10*g - 17. Let r be c(-12). Let x = r + -3. What is the units digit of x?
4
Let a(k) = -k**2 + 12*k - 8. Let g be a(11). Suppose 0 = -4*p - s + 109, 4*p - 37 = g*p + 3*s. What is the tens digit of p?
2
Suppose -15*v = -10*v - 140. What is the units digit of (v/8)/((-2)/(-4))?
7
Suppose -2*m + 144 = 4*h, -m - m + h = -159. What is the tens digit of m?
7
Let q = 11 - 6. Suppose -2 + q = j. Suppose 4 + 14 = j*d. What is the units digit of d?
6
Suppose -2*o = -3 - 1. Let c = 0 - o. Let h = 0 - c. What is the units digit of h?
2
Suppose -s = -30 - 147. What is the hundreds digit of s?
1
Suppose -v = h, 5 = 3*h - 5*v - 11. Let g = h + -2. What is the units digit of 0 - (-2 - g - -1)?
1
Let h = 4 - 2. Suppose 2*t - 53 + 15 = 4*x, 0 = 2*t - h*x - 30. What is the units digit of t?
1
Let c = 16 - 15. What is the units digit of c?
1
Let q be 2 + 0 + (-1)/1. Suppose -c = q - 20. What is the tens digit of c?
1
Let i(l) = 3*l - 11. Let o be i(10). Let k = o - -6. What is the tens digit of k?
2
Let b(z) = -10*z - 6. What is the tens digit of b(-7)?
6
Suppose -1422 = -5*i + 2*a - 3*a, 4*a = -5*i + 1413. What is the units digit of i?
5
What is the tens digit of (3/6 + -1)/((-3)/234)?
3
Suppose 0 = -3*m - 2*m + 25. Suppose n + 0*b = -4*b + 4, -20 = -m*n + b. Suppose 60 = n*y + y. What is the tens digit of y?
1
Suppose -5*l = 4*o - 259 + 31, -5*o = 15. Suppose -4*x = -4*w + l, -4*w - 5*x - 9 = -6*w. What is the units digit of w?
7
Let w = 429 + -95. What is the hundreds digit of w?
3
Suppose 0 = u - 5*u - 3*g + 151, -5*g = 2*u - 65. What is the tens digit of u?
4
Suppose d - 2*c + 352 = 3*d, 0 = -3*d - 2*c + 528. What is the hundreds digit of d?
1
Suppose 2*i + 3*x - 4 + 0 = 0, -i + 2 = -3*x. Suppose -4*q = -3*q + i*v - 16, v + 1 = q. What is the units digit of q?
6
Let c be (-1)/((-2 + 1)/6). Suppose -2*o = -o - c. What is the units digit of o?
6
Suppose -k + 6 = -14. Suppose -4*m + k = 0, 5*n + 8*m = 3*m + 25. Suppose 2*s + s - 2*p = 26, n = p + 4. What is the units digit of s?
6
Let v = -35 + 187. What is the hundreds digit of v?
1
Let n be (-15)/9*-1*51. Suppose 5*l - n + 24 = -3*h, 4*l + 5*h - 41 = 0. What is the units digit of l?
4
Let o(w) = 1 - w - 1 - 4. What is the units digit of o(-9)?
5
Let q(l) = l**3 + 6*l**2 + 3 - 1 - 4 - 1 - l. What is the tens digit of q(-5)?
2
Let u(t) = t**2 + 8*t + 3. Let q = 16 - 24. Let p be u(q). Let m = 6 + p. What is the units digit of m?
9
Let t(w) = 3*w**2 + w + 2. Let x be t(-3). Let m = x - 18. What is the units digit of m?
8
Let v(n) = 2*n + 13. Let q(t) = t + 7. Let c(m) = 7*q(m) - 4*v(m). Let y be c(-3). Let j(k) = k**2 - k + 4. What is the units digit of j(y)?
4
Let v(l) = l**3 + 2*l**2 + 2*l + 1. Let h be v(-1). What is the units digit of (h - (-1 + 0)) + 9?
0
Let n(d) = -d**3 + 2*d**2 - d + 1. Let z be n(2). Let k be -36 + 1 + (-1)/z. What is the units digit of k/(-5) - 1/(-5)?
7
Let w(y) = y + 12. Let r be w(-12). Suppose 3*x - 30 - 60 = r. What is the tens digit of x?
3
Let w(u) = -13*u**3 - 25*u**2 - 7*u + 8. Let t(s) = -3*s**3 - 6*s**2 - 2*s + 2. Let o(v) = 9*t(v) - 2*w(v). What is the units digit of o(-4)?
8
Let h(a) = -a**3 + 3*a**2 + 4*a - 3. Let b be h(2). Suppose -b - 11 = -5*z. Suppose 0 = z*n + n - 35. What is the units digit of n?
7
Suppose 2*q - 2 = 6, 5*d - 164 = -q. What is the units digit of d?
2
Let l(p) = p**2 - 10*p + 4. Let d be l(10). Let r = d - 4. Suppose -4*g + 9*g - 20 = r. What is the units digit of g?
4
Let m(r) be the second derivative of -r**5/20 - r**4/3 + r**3/6 - 3*r**2/2 + r. What is the units digit of m(-5)?
7
Suppose -5*k = -2*g - 3 - 8, -2*k = 3*g + 64. Let p be (-94)/(-18) - (-4)/g. Suppose 3*h - 50 = -5*c, 0 = p*c + 5*h - 63 + 3. What is the units digit of c?
7
Suppose -5*p + b = -109 + 13, 0 = -p - 3*b + 32. What is the units digit of p?
0
Let s be (9 - 3)*4/6. Suppose 0 = s*n - 267 + 95. What is the units digit of n?
3
Let d(l) = l**3 - 4*l**2 + 2*l. Let m be d(3). Let c be m/6 - (-11)/2. Let n = 9 - c. What is the units digit of n?
4
Let b(o) = -o**3 + 3*o**2 - 2*o + 1. Suppose -2*l - 4 - 1 = -m, 2*l + 1 = -3*m. Let x be b(m). Let y = x - -1. What is the units digit of y?
2
Suppose -2*n + 326 = -v, -5*v = -0*v + 20. What is the units digit of n?
1
Let x be (-3)/(((-18)/(-16))/3). Let o = x + 12. What is the units digit of o?
4
Suppose 724 = 5*r + j, 4*r = -0*r - 5*j + 596. What is the hundreds digit of r?
1
Let h(z) be the first derivative of -4*z + 1/4*z**4 - 2 - 2/3*z**3 + 0*z**2. What is the units digit of h(3)?
5
Suppose -y - 295 = -4*i, 6*i + 4*y - 207 = 3*i. Let x = i + -52. What is the tens digit of x?
2
Let j(n) = n**2 + 7*n - 10. Let g be j(-8). Let k be 2 + (2 + -2 - g). Let x(z) = 2*z - 6. What is the units digit of x(k)?
2
What is the tens digit of ((-18)/5)/((24/(-6))/240)?
1
Suppose -4*p - 6 = -7*p. Suppose z - p = 3*v - 4*v, -3*v = 5*z - 18. What is the units digit of z?
6
Let r(j) be the third derivative of j**7/840 + j**6/180 - j**4/24 - j**3/6 - 3*j**2. Let a(x) be the first derivative of r(x). What is the tens digit of a(2)?
1
Suppose 47 = 5*m + 2*z - 6*z, 5*z + 45 = 5*m. Let d = m - 8. Suppose d*p + 6*c - 3*c = -3, -4*c = p + 10. What is the units digit of p?
2
Let i be 0*2/(-1 + -3). Suppose i = -4*q, 0 = -5*o - 2*q - 0*q + 70. What is the tens digit of o?
1
Let r = 33 + 16. What is the tens digit of r?
4
Suppose -3*s - 11 + 29 = 0. Suppose 3*k + 4*b = -9, 2*k + s = -2*b - 3*b. What is the units digit of 1/(-3) + (-19)/k?
6
What is the tens digit of 154/(-28)*(0 + -14 + 0)?
7
Let b(r) = r**2 - 5*r + 4. Let c be b(4). Let h be (c - -2) + 3 - 2. Suppose -33 = -h*k + 9. What is the tens digit of k?
1
Suppose 3*y - y - 6 = 0. Suppose -4*q + 3*p = -3, 0*p - p = y*q + 1. Suppose -3*x + 11 + 13 = q. What is the units digit of x?
8
Let c = 3 + -7. Suppose j + 0*x = 4*x + 11, -2*j - 14 = x. What is the units digit of -2 - c*j/(-2)?
8
Let l be 2/((-10)/(-4) + -2). Suppose -l*z = 3*n - 9, 0 = 2*z - 3*n + n - 8. What is the units digit of z?
3
Let s(k) = k**2 + 5*k + 37. What is the tens digit of s(-7)?
5
Let c(h) = -h**2 - 6*h - 4. Let a = -1 - -4. Let s = a + -7. What is the units digit of c(s)?
4
Let b(h) = -3*h**3 - 38*h**2 - 7*h - 8. Let z(c) = c**3 + 13*c**2 + 2*c + 3. Let l(a) = 6*b(a) + 17*z(a). What is the tens digit of l(-6)?
1
Let m be (18/(-12))/((-1)/2). Suppose -2*z + 3*p - 6 = 0, 2*z + m - 1 = 2*p. What is the units digit of z?
3
What is the tens digit of -530*(-1 + ((-24)/20)/(-2))?
1
Let m = 19 + -6. What is the tens digit of m?
1
Let k = -12 + 12. Suppose 3*z = -k*z + 12. What is the units digit of z?
4
What is the tens digit of 237*(10/(-15) + 2)?
1
Let w = -18 + 27. What is the units digit of w?
9
Suppose 3*p = p + 30. Let v be (-33)/2*(-10)/(-15). Let s = v + p. What is the units digit of s?
4
Suppose 6*t - 200 = 646. What is the tens digit of t?
4
Let k = 3 + -4. What is the tens digit of -3 - k/(3/48)?
1
Let k(c) = -8*c**2 - 1. Let s be k(1). Let f = 36 + s. What is the units digit of f?
7
Let y(u) = -48*u + 27. What is the tens digit of y(-5)?
6
Let m(u) = -u**2 - u - 14. Let x be m(0). What is the units digit of 246/14 + (-6)/x?
8
Let x be 13/2 - (-10)/(-20). Suppose 3*z + 27 = x*z. What is the units digit of z?
9
What is the units digit of -2 - 58/(-1) - 18/(-9)?
8
Let g(k) = k**2 - 12*k - 14. Let o(n) = n**2 - 12*n - 15. Let x(z) = -3*g(z) + 2*o(z). What is the units digit of x(12)?
2
Suppose 1034 = 16*v - 5*v. What is the tens digit of v?
9
Let l(b) = -b**2 - 11*b + 17. Let a be l(-13). Let z = a + 13. What is the units digit of z?
4
Let h(t) = t - 1. Let j be h(2). Let m be ((-6)/(-5))/(j/(-5)). What is the units digit of (-4)/m - 4/(-3)?
2
Suppose i = 6*i. Suppose -4 = v - i. What is the units digit of (-30)/v*(-12)/(-18)?
5
Let w(a) = a - 1. Let d be w(6). Suppose -1 = -d*x + 134. Suppose -2*o = o - x. What is the units digit of o?
9
Let l = 278 + -1